 2?
6
Suppose -h = -5*q + 217, -h + q = -6*h - 981. Suppose 132 = 3*n + 996. Let l = h - n. What is the tens digit of l?
9
Let f(s) be the first derivative of 99*s - 22 - 2/3*s**3 + 1/2*s**2 + 1/4*s**4. What is the units digit of f(0)?
9
What is the tens digit of (18/(-4))/(9 - 1069620/118840)?
1
Suppose -2*c + 25 = -3*w, 5*c + 14 = w - 2*w. Let m = w + 537. What is the tens digit of m?
2
Suppose 26*j + 1482 = r + 31*j, -j + 2 = 0. What is the tens digit of r?
7
Let m(s) = 71*s**2 + 83*s - 1271. What is the ten thousands digit of m(15)?
1
Let y(g) = 4*g**2 + 20*g + 2. Let s be y(-5). Let h(l) = 79*l**2 + 3*l - 6. What is the hundreds digit of h(s)?
3
Let j(t) = -2*t**2 + 9*t + 7. Let g be j(5). Suppose 0 = g*n - 7*n + 80. Let c = n + 7. What is the units digit of c?
3
Let a = -46 + 1220. Let m = 1832 - a. What is the hundreds digit of m?
6
Suppose 6*j - 20269 = 17479 + 3634. What is the hundreds digit of j?
8
Suppose -2*g = -c - 52, 4*c + 0*g + 236 = g. Let n be -2 + c/35*-7*1. Let l(d) = d**2 - d - 16. What is the tens digit of l(n)?
7
Let m(i) = 2*i**2 + 21*i - 11. Let o be m(-11). Suppose o = -h - n + 4*n + 78, -221 = -3*h - 4*n. Suppose -t - 2*t + h = 0. What is the tens digit of t?
2
Suppose 2*m = -8*g + 4*g + 27760, -2*m + 4*g = -27760. What is the ten thousands digit of m?
1
Let w(t) = 1169*t + 2230. What is the hundreds digit of w(15)?
7
What is the hundreds digit of (37/(((-3)/(-6))/(47/2)))/1?
7
Let u be (-476966)/(-155) - (-8)/10. Let v(t) = t**3 + 2*t**2 - t + 504. Let s be v(0). Suppose 11*x + s = u. What is the tens digit of x?
3
Let h(r) = -3*r**3 - 5*r**2 + 17. Let n(x) = -x**3 + 1. Let w(q) = -h(q) + 4*n(q). What is the tens digit of w(-4)?
3
Let i(t) = -t**3 - 5*t**2 - t + 17. Let f be i(7). Let k = f - -1177. What is the tens digit of k?
9
Let q = -16992 + 30187. What is the units digit of q?
5
Let u be 1 + -4*4/(-8)*4. Let n = u - -91. What is the tens digit of n?
0
Suppose 0 = -91*k + 76141 + 6305. What is the hundreds digit of k?
9
Let j = 10113 + -4663. What is the units digit of j?
0
Suppose 0 = -4*a + p - 25, 2*p = a - 3*p + 11. Let z(h) = h**3 + 6*h**2 + 2*h + 7. Let t be z(a). What is the hundreds digit of t*((-2)/4 + (-2392)/80)?
1
Suppose 0*t + i = t, 4*t - 5*i + 5 = 0. Suppose -2*a = -0*a + y - 62, -t*a + 4*y + 142 = 0. What is the tens digit of ((-1300)/(-8))/(-5)*a/(-25)?
3
Suppose -16*l + 18*l = -n + 93106, l = 2*n + 46548. What is the ten thousands digit of l?
4
Let c = 118 + -179. Let t = c + 105. What is the tens digit of t?
4
Let t(l) = 3*l**2 + 13*l - 89. Let m be t(-18). Suppose m = 3*n - 1454. What is the tens digit of n?
0
Let i = -11380 - -15988. What is the hundreds digit of i?
6
Let c = 484 - 484. What is the units digit of 0 + c/(-1) - (-125 - -3)?
2
Let p = 4180 - 2642. Suppose 28*c + 3*t = 24*c + p, c - t - 388 = 0. What is the units digit of c?
6
Let h(k) = 45*k - 115. Suppose 0 = 2*d - 3*c - 10 - 1, -d + c = -5. What is the tens digit of h(d)?
6
Let g = 765 + -529. Suppose 4*y - 12 = 0, v + 5*y = -0*v + g. What is the tens digit of v?
2
Suppose 2*r + 3*g + 3 = 0, 0*r + r - 16 = 2*g. Let s(h) = 7*h**2 + 9*h - 14. Let n be s(r). Suppose 16*f - 2932 = -n. What is the units digit of f?
5
Let n be (-429)/(-15) + (-8)/(-20). Suppose 11*z + 432 = n*z. What is the units digit of z?
4
Suppose 0 = -4*h + 2*s + 122, 0 = 3*h - 6*h + 5*s + 81. Suppose -h*z = -29*z - 45. Suppose -z*n = -319 - 1091. What is the units digit of n?
4
Let b(t) = -t + 97. Suppose 0 = 14*w - 11*w. What is the tens digit of b(w)?
9
What is the thousands digit of 8/(-112) + (-10159545)/(-938)?
0
Let g(i) be the third derivative of 0 + 0*i + 17/6*i**3 + 20*i**2 + 1/24*i**4. What is the units digit of g(-15)?
2
Suppose -16*a - 25 = -21*a. Suppose a*z + 3*j - 39 - 1943 = 0, 3*z = 5*j + 1162. What is the hundreds digit of z?
3
Suppose -136577 = -2*u + 5*m - 29148, 2*u = -3*m + 107485. What is the hundreds digit of u?
7
Let v be (-2)/(36/60 - (-301)/(-485)). Let z = v - 17. What is the tens digit of z?
8
Suppose 25*z - 24*z = 97. Let x = z + 158. What is the units digit of x?
5
Suppose -544*h = -543*h - 5. What is the hundreds digit of h/((-35)/(-1673)) + 1?
2
Suppose -3*x - 1171 = -i, -i + 6*x - 10*x + 1157 = 0. What is the thousands digit of i?
1
What is the thousands digit of (0 - 211427/(-15)) + (-24)/(-1260)*-7?
4
Let b = -25 + 30. Suppose -13*f + 8*f + b = 0. Let p(l) = 174*l**3 - l + 2. What is the tens digit of p(f)?
7
Let h be (21/(-12) - -2) + (-4)/16. Suppose -3*m + 1 = -5*n + 28, h = 2*n - m - 10. What is the hundreds digit of 135 - 3/(0 - n)?
1
Let p = 919 + -1397. Let q = p + 1084. What is the hundreds digit of q?
6
What is the thousands digit of 10 + 18/(-36)*-82708?
1
Let z(k) = 25*k**2 + 472*k - 24. What is the hundreds digit of z(-40)?
0
Suppose -5*f + n + 31480 = 0, 13*n = -f + 14*n + 6296. What is the thousands digit of f?
6
Let p be ((-4)/(4/(-1)))/1*906. Suppose p*i - 902*i - 5660 = 0. What is the units digit of i?
5
What is the hundreds digit of (-22)/99 - (-4 - -7)*167548/(-54)?
3
Let p = 63263 - 40410. What is the ten thousands digit of p?
2
Let g = -134 + 146. Suppose -21 = -9*k - g. What is the units digit of k?
1
Suppose -3690496 + 15154808 = 164*r + 42*r. What is the tens digit of r?
5
Let q(m) = -7*m + 21. Let p be q(3). Suppose 0 = 18*b - p*b + 1656. Let i = b + 227. What is the tens digit of i?
3
What is the ten thousands digit of (-7438)/(49/(-245) + 7/10 + -1)?
1
Let d(r) = 1586*r**2 - 16*r - 40. What is the tens digit of d(-5)?
9
Let o(q) = -2*q**3 - 7*q**2 + 3*q - 40. Let x be o(-5). What is the tens digit of (-9)/(-12) - (-11805)/x?
9
Suppose -127*r - 41580 = -131*r. What is the hundreds digit of r?
3
What is the hundreds digit of 230608/71 + (4 - 1) + -9?
2
Let i = -2839 + 18076. What is the tens digit of i?
3
Suppose 3*p = 5*t - 68746, 178*t - 55001 = 174*t + 3*p. What is the ten thousands digit of t?
1
Suppose 13*k = 3*k + 4690. Let v = k - 113. What is the tens digit of v?
5
Let p(t) = -568*t**3 + 2*t**2 - 3. Let f be p(2). Let h = f + 6573. What is the units digit of h?
4
Let s = -31 - -37. Suppose m + s = 2*m. What is the tens digit of (-19)/((-4 - -2)/m)?
5
Suppose -m = -5*p + 861, -3*m + 877 = -4*p + 9*p. Let y = 52 + p. What is the units digit of y?
5
Suppose -2*l = -6*l + 5*n - 61, -5*l = -5*n + 70. Let m(j) = j**3 + 9*j**2 + 4*j + 28. Let p be m(l). What is the tens digit of (2 - 4)/(p/268)?
6
Suppose 4*o - 5*a = 11237, 5*o - 9781 = -5*a + 4209. Suppose -5*m - 4*l + o - 118 = 0, 4*m + l - 2159 = 0. What is the hundreds digit of m?
5
Suppose -c + 3*w + 8292 = -3351, 0 = 2*c - 5*w - 23289. What is the thousands digit of c?
1
Suppose -4*q = q + 5*w - 430, -w - 166 = -2*q. Suppose -d - 233 = -4*p + q, d = p - 83. Let t = 139 - p. What is the units digit of t?
1
Let h(n) = 11*n**2 - 9. Let k(z) = 0*z - 2 + 16 + 9*z. Let l be k(-2). What is the tens digit of h(l)?
6
Let m(g) = 0*g**3 - 2*g**2 - 7*g**2 - 2*g**3 - 9*g + 15. Let b be m(-7). What is the tens digit of ((-28)/(-1))/(-1)*b/(-68)?
3
Let t(l) = 35*l**2 - 45*l + 136. What is the units digit of t(18)?
6
Suppose 2700 = -7*t - 8*t. What is the tens digit of 502*(t/(-264) - 4/22)?
5
Let x = -9575 - -17290. What is the hundreds digit of x?
7
Suppose -326*h - 290160 = -357*h. What is the thousands digit of h?
9
Let z(c) = c**2 + c + 1. Let o(g) = -2*g**2 - 7*g + 4. Let b(h) = o(h) + 3*z(h). Let d be b(8). Let p = d - 7. What is the tens digit of p?
3
Suppose 11*j = 468 - 138. What is the tens digit of 0 + j + -5 + 9?
3
Suppose -2*r - 5*s + 25 = 0, 3*r - 6 = 3*s - 0*s. Let n(v) = r*v**3 - 15*v**2 + 0*v - 4*v + 5 - 6*v**3. What is the tens digit of n(-15)?
6
Let b(u) be the third derivative of u**6/120 - 2*u**5/15 + 11*u**4/24 + 13*u**3/6 + u**2. Suppose 541*g - 106 = 520*g + 83. What is the hundreds digit of b(g)?
1
Let t be 2/8*2*(15 + 3). What is the hundreds digit of t*((-2416)/(-48) - 1*3)?
4
What is the thousands digit of -133802*((-12)/36 - (-1)/(-6)*1)?
6
Suppose 1 = -3*d - 35. Let w be 6/9 - (-1148)/d. Let s = 230 + w. What is the units digit of s?
5
Suppose -m = 4*k - 136507, 0 = 3*k - 8*m + 9*m - 102379. What is the units digit of k?
8
Let i = 26541 - 13210. What is the tens digit of i?
3
Suppose -24*q - 180 = -22*q. Let u be q/(-21)